1371
List the prime factors of 80659328.
2, 630151
List the prime factors of 576737838.
2, 3, 53, 604547
List the prime factors of 181836289.
19, 59, 162209
List the prime factors of 607291323.
3, 17, 37, 321829
What are the prime factors of 47982249?
3, 7, 761623
List the prime factors of 215520134.
2, 223, 483229
List the prime factors of 400481281.
31, 97, 133183
What are the prime factors of 949281483?
3, 337, 938953
List the prime factors of 13560624.
2, 3, 7, 11, 1223
List the prime factors of 24924684.
2, 3, 137, 15161
What are the prime factors of 119980977?
3, 39993659
List the prime factors of 837467861.
79, 101, 104959
What are the prime factors of 340475641?
11, 89, 347779
List the prime factors of 777247778.
2, 388623889
List the prime factors of 1035474338.
2, 31, 229, 72931
What are the prime factors of 218762199?
3, 43, 127, 4451
List the prime factors of 61220993.
509, 120277
List the prime factors of 699753253.
73, 9585661
What are the prime factors of 1869329244?
2, 3, 37, 521, 8081
What are the prime factors of 444699198?
2, 3, 2281, 10831
What are the prime factors of 303848393?
1663, 182711
List the prime factors of 608511012.
2, 3, 41, 1236811
What are the prime factors of 36855566?
2, 11, 1049, 1597
List the prime factors of 1951059827.
1951059827
What are the prime factors of 26937008?
2, 7, 240509
What are the prime factors of 52262717?
13, 53, 75853
What are the prime factors of 836583?
3, 11, 101, 251
List the prime factors of 521459836.
2, 17, 7668527
List the prime factors of 856233015.
3, 5, 11, 5189291
List the prime factors of 1310842585.
5, 13, 19, 81647
List the prime factors of 22200942.
2, 3, 3700157
What are the prime factors of 386308?
2, 13, 17, 19, 23
List the prime factors of 200003792.
2, 1831, 6827
What are the prime factors of 2393101?
2393101
What are the prime factors of 262169165?
5, 797, 65789
What are the prime factors of 580497995?
5, 7, 11, 37, 40751
What are the prime factors of 125254258?
2, 127, 493127
What are the prime factors of 93454677?
3, 31, 334963
What are the prime factors of 535559542?
2, 7, 67, 570959
List the prime factors of 43497033.
3, 17, 277, 3079
What are the prime factors of 36506965?
5, 11, 663763
List the prime factors of 486109452.
2, 3, 19, 71, 30029
What are the prime factors of 2326899317?
2326899317
What are the prime factors of 55614452?
2, 13903613
List the prime factors of 142778494.
2, 71389247
What are the prime factors of 475224677?
475224677
What are the prime factors of 4263090965?
5, 7, 121802599
List the prime factors of 318943083.
3, 43, 701, 3527
What are the prime factors of 585116730?
2, 3, 5, 11, 197009
What are the prime factors of 117543196?
2, 19, 31, 49891
List the prime factors of 42250582.
2, 11, 31, 41, 1511
List the prime factors of 1951965045.
3, 5, 389, 111509
List the prime factors of 272444273.
1637, 166429
List the prime factors of 453009599.
7, 227, 285091
What are the prime factors of 93255451?
93255451
List the prime factors of 536219055.
3, 5, 3971993
What are the prime factors of 610935050?
2, 5, 11, 100981
What are the prime factors of 1090102885?
5, 218020577
What are the prime factors of 191438703?
3, 37, 53, 10847
List the prime factors of 364380594.
2, 3, 19, 3196321
What are the prime factors of 4207791?
3, 7, 200371
What are the prime factors of 4570932659?
101, 523, 86533
What are the prime factors of 155639097?
3, 17, 107, 3169
What are the prime factors of 7649595?
3, 5, 169991
What are the prime factors of 41429903?
41429903
List the prime factors of 467962884.
2, 3, 12998969
List the prime factors of 3142075711.
17, 31, 5962193
What are the prime factors of 83213769?
3, 27737923
List the prime factors of 562291654.
2, 281145827
List the prime factors of 2829494270.
2, 5, 23, 59, 208511
What are the prime factors of 413691511?
71, 73, 79817
What are the prime factors of 99593063?
8737, 11399
What are the prime factors of 766790735?
5, 31, 1033, 4789
List the prime factors of 4145925070.
2, 5, 7, 59227501
List the prime factors of 705375740.
2, 5, 35268787
List the prime factors of 1199174443.
3851, 311393
List the prime factors of 117653441.
23, 5115367
List the prime factors of 3722117626.
2, 1861058813
What are the prime factors of 17832593?
29, 614917
What are the prime factors of 24286091?
23, 1055917
List the prime factors of 82929090.
2, 3, 5, 373, 7411
What are the prime factors of 2514909182?
2, 47, 103, 259751
What are the prime factors of 274431704?
2, 34303963
What are the prime factors of 47680339?
7, 6811477
List the prime factors of 23935546.
2, 61, 196193
List the prime factors of 290647601.
53, 5483917
What are the prime factors of 45111829?
7, 17, 233, 1627
List the prime factors of 623428.
2, 13, 19, 631
What are the prime factors of 6696206771?
113, 59258467
What are the prime factors of 17906142?
2, 3, 2984357
List the prime factors of 4239410907.
3, 29, 709, 68729
List the prime factors of 864899853.
3, 113, 149, 17123
What are the prime factors of 204764918?
2, 2731, 37489
What are the prime factors of 185664295?
5, 19, 1954361
What are the prime factors of 102914595?
3, 5, 7, 239, 1367
List the prime factors of 144720924.
2, 3, 107, 269, 419
What are the prime factors of 215122412?
2, 5227, 10289
What are the prime factors of 249938435?
5, 49987687
What are the prime factors of 86541277?
2039, 42443
What are the prime factors of 991656281?
7, 11, 1997, 6449
What are the prime factors of 32485058?
2, 16242529
What are the prime factors of 67870867?
41, 47, 35221
List the prime factors of 6292582973.
263, 23926171
What are the prime factors of 2273993185?
5, 17, 2689, 9949
What are the prime factors of 22277053?
43, 347, 1493
What are the prime factors of 3652303348?
2, 19, 48056623
What are the prime factors of 2077964569?
2077964569
What are the prime factors of 352829682?
2, 3, 41, 17707
What are the prime factors of 63201383?
7, 1693, 5333
List the prime factors of 428305013.
59, 7259407
List the prime factors of 129779589.
3, 1579, 27397
What are the prime factors of 4500179733?
3, 7, 2663, 80471
What are the prime factors of 28628322?
2, 3, 157, 30391
List the prime factors of 113166246.
2, 3, 17, 1109473
What are the prime factors of 251843466?
2, 3, 7, 5996273
List the prime factors of 2697072906.
2, 3, 11, 29, 41, 34369
List the prime factors of 411259045.
5, 211, 389819
List the prime factors of 121948832.
2, 47, 81083
List the prime factors of 1799693230.
2, 5, 179969323
What are the prime factors of 2598298108?
2, 7, 19, 31, 71, 317
What are the prime factors of 31175455?
5, 251, 24841
What are the prime factors of 1377378719?
61, 22579979
What are the prime factors of 293894654?
2, 641, 229247
List the prime factors of 452694555.
3, 5, 3353293
What are the prime factors of 1217319541?
1187, 1025543
What are the prime factors of 82525540?
2, 5, 37, 111521
What are the prime factors of 260342703?
3, 2969, 9743
What are the prime factors of 4936530?
2, 3, 5, 59, 2789
List the prime factors of 8173878.
2, 3, 23, 61, 971
What are the prime factors of 149043491?
149043491
List the prime factors of 154641021.
3, 29, 1777483
What are the prime factors of 44693921?
137, 139, 2347
List the prime factors of 1027019292.
2, 3, 13, 139, 47363
List the prime factors of 603693873.
3, 1601, 41897
What are the prime factors of 2584395245?
5, 43, 12020443
List the prime factors of 673660262.
2, 11, 30620921
List the prime factors of 313103247.
3, 104367749
List the prime factors of 245541408.
2, 3, 7, 19, 19231
List the prime factors of 2918024764.
2, 113, 2417, 2671
List the prime factors of 161963343.
3, 439, 40993
What are the prime factors of 3263766562?
2, 7, 23, 103, 98407
What are the prime factors of 27785653?
7, 107, 37097
List the prime factors of 2504804420.
2, 5, 23, 236749
What are the prime factors of 313978786?
2, 11, 347, 3739
List the prime factors of 265395550.
2, 5, 7, 758273
What are the prime factors of 1270239044?
2, 389, 673, 1213
List the prime factors of 26119969.
167, 229, 683
What are the prime factors of 1279464?
2, 3, 89, 599
What are the prime factors of 498575500?
2, 5, 997151
What are the prime factors of 51830368?
2, 1619699
What are the prime factors of 112471361?
439